 -4540 + k. What are the prime factors of 10/(-70) + y/(-14)?
5, 29
Let g = -1637 - -7237. What are the prime factors of g?
2, 5, 7
Let d = -32 - -51. Suppose 35 = 5*g + 5*q, -d = -2*g - q - 2*q. Suppose -g*f + 110 = -4*b, 4*f = -0*b + 4*b + 240. What are the prime factors of f?
5, 13
Let k(o) be the first derivative of -79*o**2 - 6*o - 52. List the prime factors of k(-3).
2, 3, 13
Suppose x - 19 = 3*k, 5*k = -3*x - 2 + 31. Let r be 0 - x/((-65)/(-120)). Let i(o) = o**3 + 24*o**2 - 3*o - 37. What are the prime factors of i(r)?
5, 7
Let l = 35402 + -24264. List the prime factors of l.
2, 5569
Let a(m) = -3*m**2 - 2*m + 1. Let q be a(5). What are the prime factors of 6 + (7 - 12) - (0 + q)?
5, 17
Let d be (7 - 0)*10/(-35). List the prime factors of (2 - 2) + d + 113.
3, 37
Suppose 0 = -3*f + 2*u + 64, 2*u - 7*u = 10. Suppose 34*r - f*r = 14448. What are the prime factors of r?
2, 3, 43
Let g = 5581 - 4665. List the prime factors of g.
2, 229
Let u(t) = t**2 + 9*t - 42. Suppose 4*q + 68 = -4*x - 0*x, -27 = q + 3*x. Let j be u(q). What are the prime factors of (-178)/j*(-33)/(-11)?
89
Let s = 830 - 767. List the prime factors of 4/(-14) + 71271/s.
3, 13, 29
Let z(j) = 2 - 5 - 3 + 2 - 61*j. Let b be z(-1). Suppose -61*t = -b*t - 336. What are the prime factors of t?
2, 3, 7
Let q(h) = -h**2 + h + 13. Let p be q(-6). Let a = 37 + p. Suppose -a*z = -15*z + 469. What are the prime factors of z?
67
Suppose 4*n - 19171 = d, n + 7*d - 4794 = 6*d. List the prime factors of n.
4793
Let q(w) = -1456*w + 1547. What are the prime factors of q(-23)?
5, 7, 11, 13
Let j be (-1)/((6 - 9)/(-1260)). Let o = 898 + j. What are the prime factors of o?
2, 239
Suppose 4880*s = 4896*s - 69504. What are the prime factors of s?
2, 3, 181
Let r(x) = x**3 + 3*x**2 + 5*x + 5830. What are the prime factors of r(0)?
2, 5, 11, 53
Let r(a) be the third derivative of 0*a - 6*a**2 + 0 - 23/6*a**3 + a**4. What are the prime factors of r(6)?
11
Suppose -43 = -2*b + 5*g, b + 4*g - 30 = -2*b. Suppose -b*f + 44*f = 12900. List the prime factors of f.
2, 5, 43
Suppose -3980 = 42*k + 4714. Let x = 337 - k. List the prime factors of x.
2, 17
Let m = -277 - -277. List the prime factors of m + -11 + 7 + 232.
2, 3, 19
Suppose 2 = 2*u + 14. List the prime factors of (-365)/(2/u*3).
5, 73
Let s(p) be the first derivative of p**3 - 7*p**2/2 - 4*p + 24. Let z be s(3). Suppose -z*b - 7 + 85 = 0. List the prime factors of b.
3, 13
Let s be (-3 - -1)*2345/(-10). Suppose -137 = 15*l + 3553. Let p = s + l. What are the prime factors of p?
223
Suppose 4*k + 9007 = 4*m + 78007, -5*m + 51734 = 3*k. List the prime factors of k.
2, 7, 11
Let i(y) = y**3 - 13*y**2 + y - 12. Let q be i(13). Let k be q/3 + 182/21. Suppose -2*o + 77 = 5*m, -m - 19 - k = -o. What are the prime factors of o?
31
Let c = 328 + -326. List the prime factors of (-40)/((-3)/(c - -4)).
2, 5
Let a = 16 - -10. Suppose a*s = 32*s - 462. What are the prime factors of s?
7, 11
Let f = 19918 - 10523. What are the prime factors of f?
5, 1879
Let g = 11000 + -6546. List the prime factors of g.
2, 17, 131
Suppose -g - 582 = 2*n - 41, -2*g = 5*n + 1352. Let d = n - -409. Suppose -4*b + 523 = d. List the prime factors of b.
2, 3
Let b(m) = -1634*m - 4487. What are the prime factors of b(-56)?
7, 31, 401
Let s(h) = -7*h**3 + 3 + 4*h**2 - 19*h + 2*h**3 + 12*h + 17. List the prime factors of s(-6).
2, 643
Let v(p) = p**3 + 4*p**2 - 16*p - 50. Let n be v(-5). What are the prime factors of ((-1899)/(-5) - n) + (-4)/5?
2, 11, 17
Let r = -70 + 74. List the prime factors of 2/(-4)*-67*(r - -4).
2, 67
What are the prime factors of 1 - (-1 - -1 - 3763)?
2, 941
Let b = -8 - 6. Let j(z) be the third derivative of -z**6/120 - z**5/4 - 13*z**4/12 - 19*z**3/6 + 99*z**2. List the prime factors of j(b).
149
Let f = 138023 + -74378. List the prime factors of f.
3, 5, 4243
Let o = 35461 - 18995. What are the prime factors of o?
2, 8233
Let w = 13020 + 2800. List the prime factors of w.
2, 5, 7, 113
Let r(l) = -10*l**3 + 38*l**2 + 28*l - 22. Let j(h) = 2*h**3 - h**2 + h - 1. Let k(c) = 4*j(c) + r(c). List the prime factors of k(12).
2, 29, 31
Let w(k) = 39*k**2 + 21*k - 37. What are the prime factors of w(13)?
6827
Let r(a) = -a**3 + 5*a**2 - 9*a - 1. Let g(p) = -3*p**3 + 11*p**2 - 19*p - 2. Let w(t) = 2*g(t) - 5*r(t). Let b = 544 + -550. List the prime factors of w(b).
67
Let x = -939 + 660. Suppose -4*o + 964 = -832. Let y = o + x. What are the prime factors of y?
2, 5, 17
Suppose 2 - 242 = -4*r. Suppose 19*o + r = 15*o. Let y(z) = 2*z**2 + 22*z + 36. List the prime factors of y(o).
2, 3, 13
Suppose -27080 - 179200 = -15*s. Suppose -31*b + 43*b = s. List the prime factors of b.
2, 3, 191
Suppose 262*n + 290080 = 318*n. List the prime factors of n.
2, 5, 7, 37
Suppose -19 + 82 = 7*s. Suppose -i - v = -210, 610 = -s*i + 12*i - v. What are the prime factors of i?
5, 41
Let k = -7785 - -11009. List the prime factors of k.
2, 13, 31
Suppose 52816 = -1348*f + 1364*f. List the prime factors of f.
3301
Let a(x) = 15*x + 66. Let q be a(-4). Let b(l) = 150*l - 42. List the prime factors of b(q).
2, 3, 11, 13
Suppose t - 2*t + 3*x + 46 = 0, 15 = -3*x. Let b = 34 - t. Suppose b*z - 327 = 3*p, z - 45 = 3*p + 62. List the prime factors of z.
2, 5, 11
Let x(q) = -2*q**3 - 4*q**2 + q + 1. Let j be x(-2). Let l be 665/70 + -1*j/2. Suppose -l*o - 402 = -13*o. What are the prime factors of o?
2, 67
Suppose 314 = y - 148. What are the prime factors of y?
2, 3, 7, 11
What are the prime factors of 11926*(7/(-6) + 1)*-3?
67, 89
Let v be (48/(-32))/(-2 + 10/8). List the prime factors of (-5548)/(-44) + v/(-22).
2, 3, 7
Suppose -3 = -g - 4*z, 0*g + 5*z = 4*g + 9. Let t be (-13390)/(-60) + g/6. Let k = -99 + t. What are the prime factors of k?
2, 31
Suppose 3*g + 8*c - 49205 - 2146 = 2*c, 2*c = 0. List the prime factors of g.
17117
Suppose -2*v = -6, -5*v = -9*s + 8*s - 10. What are the prime factors of 1/((-25)/(-1535)*1/s)?
307
Let l be (-6)/36 + 160466/12. Suppose 4*n - 4*k + l = 0, 4*n + 8970 = 3*k - 4399. List the prime factors of n/(-38) + 28/266.
2, 11
Suppose m - 2*i + 64 = 180, 4*i - 16 = 0. Suppose -5*s = -3*s - m. Suppose -6*o = -5*o - s. What are the prime factors of o?
2, 31
Let a = -188 + 191. Suppose -2*t = 2*i + t - 1411, -a*i + 2127 = t. What are the prime factors of i?
2, 5, 71
Suppose 6*q - 38*q + 64 = 0. Suppose -q*s - 3*s = c - 6981, -s - 5*c = -1377. List the prime factors of s.
11, 127
Let f(r) = 12*r + 620. Let o be f(0). What are the prime factors of (1 - (-13 + 10)) + o*1?
2, 3, 13
Let o be 6*115 + -6 - -1. Suppose 4*s - o = 699. List the prime factors of s.
2, 173
Suppose -252554 = -163*t + 164126 + 73787. What are the prime factors of t?
3, 17, 59
Let v(s) = -281*s - 5. Let k be v(-1). Let p = k + -268. List the prime factors of p.
2
Let s(p) = -11*p - 1. Let t be s(-1). Let g be -1 + -5 - (-24 + 13). Suppose t*k = g*k + 430. List the prime factors of k.
2, 43
Suppose -53*s - 493870 = -1964461. What are the prime factors of s?
3, 3083
Let m(r) be the second derivative of 331*r**5/10 + r**4/4 - r**3/3 + r**2/2 - 43*r + 2. What are the prime factors of m(1)?
2, 83
Let b(q) = 20*q**2 - 24*q + 671. List the prime factors of b(48).
45599
Let q(a) = 45*a + 17 - 3 + 26. List the prime factors of q(7).
5, 71
Suppose -4*u + 100629 = v, 4*v - 100635 = -4*u + 5*v. List the prime factors of u.
2, 3, 7, 599
Let c = -30 + 42. Let d(s) = 31*s + 4. Let n be d(5). Suppose -15*x = -c*x - n. List the prime factors of x.
53
Let k(q) be the second derivative of 7*q**5/10 - q**3/2 + q**2/2 + 42*q. List the prime factors of k(2).
107
Suppose -3*s - o = -69073, -208*s + 5*o + 23019 = -207*s. List the prime factors of s.
2, 1439
Suppose 3*p - 5413 = 4*i, 3*i = -2*p + 8*i + 3604. What are the prime factors of p?
13, 139
Let q(n) = -n**2 + 3*n + 17. Let v be q(6). Let d = 37 - v. Suppose -6 = 4*z - d. List the prime factors of z.
2
What are the prime factors of (-50026)/(-2) + (-12)/(9 - (4 + 7))?
127, 197
Let m(f) = 310*f - 2441. What are the prime factors of m(57)?
97, 157
Let n be (-4)/10 + 539/35. List the prime factors of 305 + 1*n/5.
2, 7, 11
Let q(h) = -16 + 4 - 7 - 23 + 3*h**2 + 3*h. Suppose 38 + 17 = -5*x. What are the prime factors of q(x)?
2, 3
Suppose 0 = k + 1, 4 = -3*s 